{"id":96,"date":"2020-03-31T17:57:12","date_gmt":"2020-03-31T15:57:12","guid":{"rendered":"https:\/\/lesrosesdunoises28.fr\/?page_id=96"},"modified":"2025-11-05T11:14:14","modified_gmt":"2025-11-05T10:14:14","slug":"nos-evenements","status":"publish","type":"page","link":"https:\/\/lesrosesdunoises28.fr\/?page_id=96","title":{"rendered":"Nos \u00e9v\u00e8nements"},"content":{"rendered":"\n<p>Tous les ans, dans le cadre d&rsquo;octobre rose nous organisons une marche accessible \u00e0 tous. <\/p>\n\n\n\n<p><\/p>\n\n\n\n<p>2016, notre premi\u00e8re marche,  2017, 2018 et 2019 les deuxi\u00e8me, troisi\u00e8me et quatri\u00e8me \u00e9dition.<\/p>\n\n\n\n<p>Les \u00e9ditions 2020 et 2021 n&rsquo;ont malheureusement pas pu \u00eatre organis\u00e9es pour cause de pand\u00e9mie.<\/p>\n\n\n\n<p>Nous participons aussi \u00e0 des animations organis\u00e9es par d&rsquo;autres associations:<\/p>\n\n\n\n<p> <a href=\"https:\/\/fr-fr.facebook.com\/telethondunoischateaudun\/\" data-type=\"URL\" data-id=\"https:\/\/fr-fr.facebook.com\/telethondunoischateaudun\/\" target=\"_blank\" rel=\"noreferrer noopener\">T\u00e9l\u00e9thon<\/a>, SAFRAN, Auchan, &#8230;<\/p>\n\n\n\n<p><\/p>\n\n\n\n<p><\/p>\n\n\n\n<p><\/p>\n\n\n\n<p><\/p>\n\n\n\n<p><\/p>\n\n\n\n<p>Toujours dans le but d&rsquo;aider \u00e0 la collecte de fonds &#8230;<\/p>\n","protected":false},"excerpt":{"rendered":"<p>Tous les ans, dans le cadre d&rsquo;octobre rose nous organisons une marche accessible \u00e0 tous. 2016, notre premi\u00e8re marche, 2017, 2018 et 2019 les deuxi\u00e8me, troisi\u00e8me et quatri\u00e8me \u00e9dition. Les \u00e9ditions 2020 et 2021 n&rsquo;ont malheureusement pas pu \u00eatre organis\u00e9es pour cause de pand\u00e9mie. Nous participons aussi \u00e0 des animations organis\u00e9es par d&rsquo;autres associations: T\u00e9l\u00e9thon, [&hellip;]<\/p>\n","protected":false},"author":3,"featured_media":0,"parent":0,"menu_order":0,"comment_status":"closed","ping_status":"closed","template":"","meta":{"footnotes":""},"class_list":["post-96","page","type-page","status-publish","hentry"],"_links":{"self":[{"href":"https:\/\/lesrosesdunoises28.fr\/index.php?rest_route=\/wp\/v2\/pages\/96","targetHints":{"allow":["GET"]}}],"collection":[{"href":"https:\/\/lesrosesdunoises28.fr\/index.php?rest_route=\/wp\/v2\/pages"}],"about":[{"href":"https:\/\/lesrosesdunoises28.fr\/index.php?rest_route=\/wp\/v2\/types\/page"}],"author":[{"embeddable":true,"href":"https:\/\/lesrosesdunoises28.fr\/index.php?rest_route=\/wp\/v2\/users\/3"}],"replies":[{"embeddable":true,"href":"https:\/\/lesrosesdunoises28.fr\/index.php?rest_route=%2Fwp%2Fv2%2Fcomments&post=96"}],"version-history":[{"count":21,"href":"https:\/\/lesrosesdunoises28.fr\/index.php?rest_route=\/wp\/v2\/pages\/96\/revisions"}],"predecessor-version":[{"id":1091,"href":"https:\/\/lesrosesdunoises28.fr\/index.php?rest_route=\/wp\/v2\/pages\/96\/revisions\/1091"}],"wp:attachment":[{"href":"https:\/\/lesrosesdunoises28.fr\/index.php?rest_route=%2Fwp%2Fv2%2Fmedia&parent=96"}],"curies":[{"name":"wp","href":"https:\/\/api.w.org\/{rel}","templated":true}]}}