{"id":141,"date":"2020-04-05T15:39:39","date_gmt":"2020-04-05T13:39:39","guid":{"rendered":"https:\/\/lesrosesdunoises28.fr\/?page_id=141"},"modified":"2022-06-23T16:26:27","modified_gmt":"2022-06-23T14:26:27","slug":"les-adherents","status":"publish","type":"page","link":"https:\/\/lesrosesdunoises28.fr\/?page_id=141","title":{"rendered":"Comment adh\u00e9rer"},"content":{"rendered":"\n<p>Afin de nous soutenir dans notre d\u00e9marche, vous pouvez adh\u00e9rer \u00e0 l&rsquo;association. <\/p>\n\n\n\n<p>Pour cela, il suffit de nous contacter par courrier ou par mail (voir page Nous contacter). La cotisation annuelle est de 10\u20ac (5\u20ac pour les moins de 18 ans et les demandeurs d&#8217;emploi).<\/p>\n\n\n\n<p><\/p>\n","protected":false},"excerpt":{"rendered":"<p>Afin de nous soutenir dans notre d\u00e9marche, vous pouvez adh\u00e9rer \u00e0 l&rsquo;association. Pour cela, il suffit de nous contacter par courrier ou par mail (voir page Nous contacter). La cotisation annuelle est de 10\u20ac (5\u20ac pour les moins de 18 ans et les demandeurs d&#8217;emploi).<\/p>\n","protected":false},"author":3,"featured_media":0,"parent":0,"menu_order":0,"comment_status":"closed","ping_status":"closed","template":"","meta":{"footnotes":""},"class_list":["post-141","page","type-page","status-publish","hentry"],"_links":{"self":[{"href":"https:\/\/lesrosesdunoises28.fr\/index.php?rest_route=\/wp\/v2\/pages\/141","targetHints":{"allow":["GET"]}}],"collection":[{"href":"https:\/\/lesrosesdunoises28.fr\/index.php?rest_route=\/wp\/v2\/pages"}],"about":[{"href":"https:\/\/lesrosesdunoises28.fr\/index.php?rest_route=\/wp\/v2\/types\/page"}],"author":[{"embeddable":true,"href":"https:\/\/lesrosesdunoises28.fr\/index.php?rest_route=\/wp\/v2\/users\/3"}],"replies":[{"embeddable":true,"href":"https:\/\/lesrosesdunoises28.fr\/index.php?rest_route=%2Fwp%2Fv2%2Fcomments&post=141"}],"version-history":[{"count":7,"href":"https:\/\/lesrosesdunoises28.fr\/index.php?rest_route=\/wp\/v2\/pages\/141\/revisions"}],"predecessor-version":[{"id":269,"href":"https:\/\/lesrosesdunoises28.fr\/index.php?rest_route=\/wp\/v2\/pages\/141\/revisions\/269"}],"wp:attachment":[{"href":"https:\/\/lesrosesdunoises28.fr\/index.php?rest_route=%2Fwp%2Fv2%2Fmedia&parent=141"}],"curies":[{"name":"wp","href":"https:\/\/api.w.org\/{rel}","templated":true}]}}